29?
6
What is the hundreds digit of 5460530?
5
What is the tens digit of 34550?
5
What is the tens digit of 1911638?
3
What is the tens digit of 2348471?
7
What is the tens digit of 226614?
1
What is the hundred thousands digit of 36190502?
1
What is the hundred thousands digit of 1082574?
0
What is the millions digit of 1405910?
1
What is the hundreds digit of 267413?
4
What is the ten thousands digit of 84895?
8
What is the hundred thousands digit of 2107371?
1
What is the tens digit of 178220?
2
What is the hundred thousands digit of 164498?
1
What is the thousands digit of 3457434?
7
What is the millions digit of 6701811?
6
What is the millions digit of 23055939?
3
What is the ten thousands digit of 36599?
3
What is the millions digit of 1222664?
1
What is the millions digit of 6120186?
6
What is the units digit of 14776571?
1
What is the thousands digit of 340393?
0
What is the ten thousands digit of 38628943?
2
What is the units digit of 134275?
5
What is the ten thousands digit of 666533?
6
What is the ten thousands digit of 110363?
1
What is the thousands digit of 85413?
5
What is the units digit of 199736?
6
What is the millions digit of 1048520?
1
What is the tens digit of 5611356?
5
What is the hundreds digit of 16338875?
8
What is the thousands digit of 12998?
2
What is the tens digit of 84437?
3
What is the units digit of 881800?
0
What is the tens digit of 10085?
8
What is the thousands digit of 3009448?
9
What is the units digit of 464253?
3
What is the hundred thousands digit of 8082614?
0
What is the hundred thousands digit of 7185824?
1
What is the hundred thousands digit of 2565350?
5
What is the hundreds digit of 2675254?
2
What is the thousands digit of 63800?
3
What is the millions digit of 19645026?
9
What is the ten thousands digit of 122541?
2
What is the ten thousands digit of 222406?
2
What is the ten thousands digit of 1471063?
7
What is the units digit of 506861?
1
What is the millions digit of 1176670?
1
What is the hundred thousands digit of 359579?
3
What is the ten thousands digit of 137838?
3
What is the units digit of 439495?
5
What is the ten thousands digit of 118225?
1
What is the hundred thousands digit of 172493?
1
What is the ten thousands digit of 10703980?
0
What is the tens digit of 6636964?
6
What is the tens digit of 228070?
7
What is the hundred thousands digit of 2378143?
3
What is the tens digit of 13274025?
2
What is the millions digit of 1393140?
1
What is the ten thousands digit of 82250?
8
What is the hundreds digit of 5546260?
2
What is the thousands digit of 180218?
0
What is the tens digit of 3056964?
6
What is the hundreds digit of 791374?
3
What is the hundred thousands digit of 545192?
5
What is the hundred thousands digit of 1602646?
6
What is the ten thousands digit of 7727095?
2
What is the hundred thousands digit of 14116987?
1
What is the thousands digit of 547728?
7
What is the units digit of 4206454?
4
What is the ten thousands digit of 5504301?
0
What is the ten thousands digit of 561887?
6
What is the units digit of 205760?
0
What is the ten thousands digit of 1118300?
1
What is the tens digit of 390045?
4
What is the ten thousands digit of 607999?
0
What is the tens digit of 137490?
9
What is the ten thousands digit of 1225384?
2
What is the units digit of 215888?
8
What is the units digit of 7473910?
0
What is the ten thousands digit of 9130858?
3
What is the ten thousands digit of 762755?
6
What is the units digit of 112624?
4
What is the hundred thousands digit of 1426269?
4
What is the thousands digit of 930309?
0
What is the units digit of 1981574?
4
What is the thousands digit of 241269?
1
What is the hundreds digit of 2204790?
7
What is the tens digit of 845884?
8
What is the thousands digit of 2170071?
0
What is the hundreds digit of 65611?
6
What is the tens digit of 1523462?
6
What is the millions digit of 2061359?
2
What is the units digit of 110952?
2
What is the ten thousands digit of 883056?
8
What is the ten thousands digit of 3119186?
1
What is the tens digit of 1624963?
6
What is the thousands digit of 1300683?
0
What is the thousands digit of 1795997?
5
What is the millions digit of 7127286?
7
What is the millions digit of 8504558?
8
What is the ten thousands digit of 1496389?
9
What is the hundred thousands digit of 835852?
8
What is the hundred thousands digit of 146068?
1
What is the thousands digit of 930060?
0
What is the tens digit of 6792879?
7
What is the units digit of 10891881?
1
What is the hundred thousands digit of 13298100?
2
What is the tens digit of 148553?
5
What is the thousands digit of 330320?
0
What is the hundred thousands digit of 2300039?
3
What is the ten thousands digit of 1658713?
5
What is the units digit of 11501?
1
What is the tens digit of 277952?
5
What is the hundred thousands digit of 1979582?
9
What is the hundred thousands digit of 3545298?
5
What is the hundreds digit of 266671?
6
What is the hundreds digit of 238878?
8
What is the tens digit of 398707?
0
What is the hundred thousands digit of 252857?
2
What is the thousands digit of 443249?
3
What is the tens digit of 338187?
8
What is the units digit of 9958294?
4
What is the hundred thousands digit of 1761408?
7
What is the ten thousands digit of 403364?
0
What is the units digit of 18656335?
5
What is the hundreds digit of 88461?
4
What is the hundreds digit of 9536953?
9
What is the hundred thousands digit of 270628?
2
What is the units digit of 25127186?
6
What is the thousands digit of 1206092?
6
What is the hundred thousands digit of 8372050?
3
What is the ten thousands digit of 7666499?
6
What is the units digit of 23912?
2
What is the tens digit of 301986?
8
What is the ten thousands digit of 7495433?
9
What is the units digit of 134452?
2
What is the millions digit of 2222439?
2
What is the thousands digit of 146897?
6
What is the hundred thousands digit of 2631894?
6
What is the thousands digit of 15544775?
4
What is the thousands digit of 2386713?
6
What is the hundreds digit of 19799081?
0
What is the units digit of 760337?
7
What is the millions digit of 9252851?
9
What is the tens digit of 25352883?
8
What is the units digit of 3305?
5
What is the thousands digit of 396578?
6
What is the tens digit of 11381353?
5
What is the tens digit of 5303524?
2
What is the units digit of 247467?
7
What is the ten thousands digit of 1121300?
2
What is the hundreds digit of 2256947?
9
What is the tens digit of 23567570?
7
What is the ten thousands digit of 167339?
6
What is the hundreds digit of 361156?
1
What is the millions digit of 2219183?
2
What is the units digit of 6839743?
3
What is the tens digit of 542524?
2
What is the hundred thousands digit of 267109?
2
What is the hundreds digit of 40090?
0
What is the tens digit of 1012939?
3
What is the tens digit of 1516225?
2
What is the units digit of 24583234?
4
What is the hundred thousands digit of 1810443?
8
What is the ten thousands digit of 7179864?
7
What is the thousands digit of 2269304?
9
What is the hundreds digit of 2574648?
6
What is the thousands digit of 1332702?
2
What is the units digit of 5247780?
0
What is the ten thousands digit of 45698?
4
What is the thousands digit of 349767?
9
What is the tens digit of 1428080?
8
What is the thousands digit of 4979918?
9
What is the tens digit of 645905?
0
What is the tens digit of 4916077?
7
What is the thousands digit of 755692?
5
What is the hundreds digit of 282142?
1
What is the hundred thousands digit of 2094555?
0
What is the hundred thousands digit of 1893781?
8
What is the units digit of 273162?
2
What is the ten thousands digit of 167800?
6
What is the thousands digit of 6993665?
3
What is the units digit of 490340?
0
What is the ten thousands digit of 1788780?
8
What is the tens digit of 179466?
6
What is the ten thousands digit of 487643?
8
What is the thousands digit of 1221258?
1
What is the thousands digit of 187294?
7
What is the thousands digit of 397325?
7
What is the ten thousands digit of 208135?
0
What is the units digit of 520816?
6
What is the tens digit of 3862561?
6
What is the hundreds digit of 4932494?
4
What is the hundreds digit of 292816?
8
What is the hundreds digit of 1056590?
5
What is the ten thousands digit of 207508?
0
W